 55.
35
Calculate the remainder when 49844 is divided by 3114.
20
Calculate the remainder when 4560265 is divided by 138.
55
Calculate the remainder when 66913412 is divided by 764.
0
Calculate the remainder when 6152612 is divided by 9988.
4
What is the remainder when 7907913 is divided by 76773?
294
What is the remainder when 207165 is divided by 1991?
101
What is the remainder when 38561 is divided by 5244?
1853
What is the remainder when 241378 is divided by 120642?
94
Calculate the remainder when 145257 is divided by 3163.
2922
What is the remainder when 8494934 is divided by 61?
13
What is the remainder when 37558547 is divided by 1370?
1367
Calculate the remainder when 764968 is divided by 255.
223
Calculate the remainder when 27871 is divided by 1597.
722
What is the remainder when 1573678 is divided by 13?
2
What is the remainder when 672879 is divided by 272?
223
Calculate the remainder when 74076901 is divided by 131342.
13
What is the remainder when 3750 is divided by 523?
89
Calculate the remainder when 28698778 is divided by 1210.
1208
Calculate the remainder when 11846931 is divided by 344.
259
Calculate the remainder when 2766406 is divided by 189.
13
Calculate the remainder when 1673121 is divided by 30983.
39
Calculate the remainder when 81947439 is divided by 3689.
3682
What is the remainder when 14180 is divided by 5969?
2242
What is the remainder when 421488 is divided by 41980?
1688
Calculate the remainder when 1814435 is divided by 957.
920
What is the remainder when 30826 is divided by 335?
6
What is the remainder when 390860 is divided by 194945?
970
What is the remainder when 2736349 is divided by 3429?
7
Calculate the remainder when 165418 is divided by 5169.
10
What is the remainder when 67471802 is divided by 63?
62
Calculate the remainder when 5073859 is divided by 7146.
199
What is the remainder when 31141 is divided by 6191?
186
What is the remainder when 17538 is divided by 5522?
972
What is the remainder when 8662934 is divided by 296?
198
Calculate the remainder when 15894919 is divided by 1562.
7
What is the remainder when 1439624 is divided by 152?
32
Calculate the remainder when 13702 is divided by 3001.
1698
Calculate the remainder when 876133410 is divided by 2662.
2660
What is the remainder when 218981 is divided by 9951?
59
What is the remainder when 1397837 is divided by 1774?
1699
What is the remainder when 52868 is divided by 17275?
1043
What is the remainder when 6597471 is divided by 19?
6
What is the remainder when 1154482 is divided by 42757?
43
What is the remainder when 3054994 is divided by 71045?
59
What is the remainder when 60365 is divided by 946?
767
What is the remainder when 8671 is divided by 2684?
619
What is the remainder when 111557907 is divided by 30?
27
Calculate the remainder when 529142 is divided by 338.
172
Calculate the remainder when 1731262 is divided by 5077.
5
What is the remainder when 35155 is divided by 11585?
400
Calculate the remainder when 38278 is divided by 400.
278
What is the remainder when 281031143 is divided by 8?
7
Calculate the remainder when 10413619 is divided by 187.
150
Calculate the remainder when 484206 is divided by 1345.
6
What is the remainder when 10893663 is divided by 5446785?
93
What is the remainder when 299886 is divided by 7055?
3576
What is the remainder when 33207 is divided by 418?
185
Calculate the remainder when 349754 is divided by 113925.
7979
What is the remainder when 8773199 is divided by 1200?
1199
Calculate the remainder when 3081345 is divided by 40544.
1
Calculate the remainder when 3776354022 is divided by 1864.
1862
What is the remainder when 128812188 is divided by 567?
561
What is the remainder when 13069778 is divided by 27?
23
What is the remainder when 19197689 is divided by 53775?
14
Calculate the remainder when 833461 is divided by 43866.
7
Calculate the remainder when 37874045 is divided by 12624675.
20
What is the remainder when 1084177 is divided by 523?
521
What is the remainder when 251675 is divided by 5311?
2058
What is the remainder when 57341252 is divided by 991?
10
Calculate the remainder when 3025369841 is divided by 68.
65
Calculate the remainder when 253594 is divided by 10143.
19
Calculate the remainder when 25234588 is divided by 1051441.
4
Calculate the remainder when 7982658 is divided by 45.
18
What is the remainder when 7507 is divided by 2110?
1177
What is the remainder when 299709 is divided by 3380?
2269
What is the remainder when 33907434 is divided by 235?
224
What is the remainder when 857837 is divided by 2370?
2267
Calculate the remainder when 52830327 is divided by 1824.
1815
Calculate the remainder when 119949360 is divided by 41955.
15
Calculate the remainder when 155034260 is divided by 1806.
1802
Calculate the remainder when 10080930 is divided by 974.
30
Calculate the remainder when 4413926 is divided by 45.
11
Calculate the remainder when 791843 is divided by 666.
635
Calculate the remainder when 21763 is divided by 5099.
1367
Calculate the remainder when 2495128 is divided by 831705.
13
What is the remainder when 4895529 is divided by 285?
84
Calculate the remainder when 100223973 is divided by 2071.
2070
What is the remainder when 2853017 is divided by 2659?
2569
What is the remainder when 137629 is divided by 4575?
379
What is the remainder when 21623018 is divided by 114?
68
Calculate the remainder when 34367 is divided by 7808.
3135
Calculate the remainder when 58427570 is divided by 524.
522
What is the remainder when 18187073 is divided by 534913?
31
Calculate the remainder when 198684 is divided by 864.
828
What is the remainder when 777592 is divided by 2578?
1614
Calculate the remainder when 8440232 is divided by 1205745.
17
Calculate the remainder when 9585917 is divided by 3195295.
32
What is the remainder when 11127675 is divided by 556381?
55
What is the remainder when 210568923 is divided by 245?
243
Calculate the remainder when 58126746 is divided by 1971.
1956
What is the remainder when 42577863 is divided by 18?
15
What is the remainder when 4009165 is divided by 5639?
5475
Calculate the remainder when 901151 is divided by 154.
97
What is the remainder when 2291092 is divided by 327282?
118
Calculate the remainder when 135153 is divided by 568.
537
Calculate the remainder when 998603 is divided by 96.
11
What is the remainder when 279663 is divided by 213?
207
Calculate the remainder when 855051 is divided by 17813.
27
Calculate the remainder when 1837524 is divided by 6.
0
What is the remainder when 1153401 is divided by 187?
172
Calculate the remainder when 107063086 is divided by 48.
46
Calculate the remainder when 249314206 is divided by 22.
20
What is the remainder when 408305 is divided by 3048?
2921
Calculate the remainder when 9728261 is divided by 37273.
8
What is the remainder when 99185591 is divided by 17?
9
What is the remainder when 65665850 is divided by 21888615?
5
Calculate the remainder when 117226193 is divided by 57.
50
Calculate the remainder when 81391 is divided by 1522.
725
Calculate the remainder when 1877579 is divided by 170686.
33
Calculate the remainder when 4985626 is divided by 104.
74
Calculate the remainder when 5981229 is divided by 854455.
44
Calculate the remainder when 1806783 is divided by 357.
6
Calculate the remainder when 59855816 is divided by 3.
2
What is the remainder when 6177853 is divided by 61?
17
What is the remainder when 4755475 is divided by 24?
19
What is the remainder when 278723005 is divided by 304?
301
What is the remainder when 4375941 is divided by 21?
3
Calculate the remainder when 1666365 is divided by 99.
96
Calculate the remainder when 269835 is divided by 133.
111
What is the remainder when 46037637 is divided by 156?
9
Calculate the remainder when 5269954 is divided by 224.
130
What is the remainder when 366371 is divided by 15263?
59
Calculate the remainder when 7697161 is divided by 38.
33
Calculate the remainder when 881650 is divided by 5837.
263
Calculate the remainder when 105180 is divided by 214.
106
What is the remainder when 765311 is divided by 45?
41
What is the remainder when 395552967 is divided by 131850987?
6
What is the remainder when 26139 is divided by 904?
827
Calculate the re